ate the greatest common divisor of i and 45.
9
Let u be (-4 - -4)/(-2*1) - -9. Calculate the highest common factor of u and 1.
1
Let j = 69 + -52. Calculate the highest common divisor of 34 and j.
17
Suppose 5*l - 20 = -0*l, -3*r = -5*l + 38. Let d be (4/r)/(4/(-66)). Suppose 4*t + g = 3*g + 220, g = 0. Calculate the greatest common divisor of t and d.
11
Let y(g) = -3*g + 1 + 2*g**3 - g**2 - g**2 + 0*g**2 + g**2. Let w be (2/(-3))/((-2)/6). Let z be y(w). Calculate the greatest common divisor of z and 77.
7
Let m(h) = 13*h + 13. Suppose x - 3*x = -8. Let u(d) = 14*d + 14. Let y(a) = x*u(a) - 5*m(a). Let s be y(-6). Calculate the highest common divisor of 18 and s.
9
Suppose -337 + 43 = -14*x. What is the greatest common factor of x and 42?
21
Let f = 2 - -58. What is the greatest common divisor of f and 20?
20
Suppose 3*n - 2181 = -0*q + 3*q, -5*q = -4*n + 2905. Suppose -5*t = -5*f - n, -6*f + 2*f = -16. What is the greatest common divisor of 25 and t?
25
Let c(o) = o**2 + 3*o + 4. Let w be c(-3). Let q be 20/9 + w/(-18). Let t be (-5 + 0)*4/(-10). What is the highest common factor of t and q?
2
Let i be (-10)/5 + -1 - -18. What is the highest common factor of 135 and i?
15
Let i be -1 - (2 - 3) - -2. Suppose -2*y - 2*o + 22 = 0, -i*y + 4*o + 42 = 2. What is the highest common factor of y and 21?
7
Suppose 5*p = 3*x + 240, -x = -2*p - 12 + 107. What is the greatest common factor of 9 and p?
9
Suppose -w + f - 64 = -3*w, -5*w = -5*f - 130. Let m = 14 + w. What is the highest common factor of 66 and m?
22
Let p = -32 + 57. What is the highest common factor of p and 10?
5
Let q = 71 + -67. Calculate the highest common divisor of q and 12.
4
Suppose -2*i = 2*t - 14, -3*t + 3 = i + 2. Let a(d) = 48*d. Let m be a(-1). Let r be 1 + m/(2 + -4). Calculate the highest common divisor of i and r.
5
Let m(i) = -3*i + 33. Let k be m(-14). What is the highest common divisor of 15 and k?
15
Let k(l) = -13*l - 1. Let a(f) = -f - 1. Let c(w) = 2*a(w) + k(w). Let p be c(-3). Suppose 4*x - 6 = 3*x. What is the highest common factor of x and p?
6
Let f be 40/12*-3*-10. What is the greatest common divisor of f and 20?
20
Let w(f) = -9*f + 21. Let x be w(2). Let u(s) = s**3 - 3*s**2 + 2. Let v be u(3). What is the highest common factor of x and v?
1
Suppose -3*z + 24 = 4*w, 20 = 2*z + 2*w + 2*w. Suppose 9*q = z*q + 60. What is the greatest common divisor of q and 3?
3
Suppose 36*g - 41*g + 315 = 0. Let l be ((-14)/(-4))/(2/4). Calculate the highest common factor of l and g.
7
Suppose -2*a + l = -13, 4*a + l - 17 = a. Let p(o) = a - 3 + 2*o**2 - 4 - 7*o. Let j be p(5). What is the greatest common factor of 35 and j?
7
Let t be (-58)/(-18) - (-8)/(-36). Suppose -n = t*n - 128. Calculate the greatest common factor of 8 and n.
8
Let n(f) = -f - 6. Let u be n(-9). What is the highest common factor of 27 and u?
3
Let f(g) = -2*g - 2. Let k be f(3). Let b be 2/k - 10/(-8). Let s be 1/b + -2 + 3. Calculate the highest common divisor of 16 and s.
2
Suppose -36 = -c + 14. Calculate the greatest common factor of c and 20.
10
Let u(g) = -26*g - 1. Let j = -6 + 3. Let f be u(j). Calculate the highest common factor of f and 11.
11
Let f(o) = -o + 4. Let h be f(-5). What is the greatest common divisor of h and 18?
9
Let u be 2/3*(-1995)/(-14). Let f = 175 - u. Calculate the highest common divisor of f and 10.
10
Let a(c) = c**2 - 10*c + 12. Let r be a(11). What is the greatest common factor of r and 23?
23
Let s = 98 - 71. Calculate the greatest common divisor of 3 and s.
3
Let l = 5 + -2. Let t = l - 0. Suppose 3*x - 40 = -2*x + 4*r, 17 = t*x - r. What is the greatest common divisor of x and 6?
2
Suppose 0 = 3*z - l - 6, z + 4*l - 12 = l. Suppose 0 = -2*o + z*o - 3. Calculate the highest common divisor of 2 and o.
1
Suppose -4*a - 3*o = -28, -5*a + 3*o = -o - 66. What is the greatest common divisor of a and 50?
10
Suppose 0 = 5*t - 13 - 67. Let v(f) = f**3 - 2*f**2 + 3*f - 2. Let j be v(3). What is the highest common divisor of j and t?
16
Let x(h) = 0 - 5 + 2 + 1 - 2*h + h**2. Let w be x(3). Let o(n) = 3*n**2 + 2*n - 1. Let m be o(w). What is the greatest common divisor of 6 and m?
2
Let c(b) be the second derivative of b**4/6 - b**3/2 - 2*b. Let z be c(2). Suppose 5 + 4 = 3*a, 42 = 3*d - z*a. What is the greatest common factor of 48 and d?
16
Suppose -4*l - 18 = -6*l. Let h = l + 61. Calculate the highest common factor of 14 and h.
14
Let a(w) = -2*w - 39. Let s be a(-21). Calculate the greatest common divisor of s and 12.
3
Let j(l) = -l**3 + 4*l**2 + 2*l - 4. Let i be j(4). Suppose -w - i*p = w - 76, 0 = -w + 3*p + 33. What is the highest common divisor of w and 54?
18
Suppose 0 = -0*n + 5*n - 60. What is the highest common factor of n and 24?
12
Let u = -383 + 439. Suppose 2*f - 46 = i + i, -f + 4*i = -8. What is the highest common factor of f and u?
28
Suppose -b = y - 27, 0*y = -4*b - y + 99. What is the highest common divisor of b and 168?
24
Let v = -4 - -4. Suppose v = -4*x - 3*w - 4, -4 = 3*x + x + 2*w. Let z be (20/(-6))/(x/3). Calculate the highest common factor of 20 and z.
10
Let w(x) = 40*x**2. Let q be w(-1). Calculate the greatest common divisor of 8 and q.
8
Let t = -8 + 11. Calculate the greatest common factor of 6 and t.
3
Let t(x) = -x + 7. Let z be t(12). Let c be (-177)/z - (-12)/(-30). Let q = 18 - 11. What is the greatest common factor of q and c?
7
Let q(j) = -j**2 - 11*j - 20. Let l be q(-8). What is the greatest common factor of l and 16?
4
Let f(p) = -p**2 - 12*p - 13. Suppose -5*a - 50 = -0*l - 5*l, -3*l = 4*a + 40. Let i be f(a). Let u = 37 + 19. Calculate the highest common factor of i and u.
7
Let u be -2 - (-1 + (22 - -3)). Let d = 6 - u. What is the highest common factor of 80 and d?
16
Suppose -5*a + 10 + 5 = 0. Let b be (-2)/(8/(-3))*36. What is the greatest common factor of b and a?
3
Let r(j) = -j**3 + 5*j**2 + 4. Let b be r(3). Let w(q) = -2*q**3 + 9*q + 6. Let f be w(-3). What is the greatest common divisor of b and f?
11
Let y be (4/(-5))/((-11)/(-55)). Let g = 5 + y. Let u = 55 + g. What is the highest common divisor of u and 8?
8
Let t(j) = j**3 + 9*j**2 + 4*j + 4. Let q be t(-8). What is the greatest common divisor of q and 4?
4
Suppose -4*u - x + 4 + 3 = 0, 3*u - 2*x - 8 = 0. Let r = 2 + u. Suppose 3*i - 141 = -3*c, -2*c + 4*c - 85 = i. What is the greatest common factor of c and r?
4
Suppose 0 = -d - 3 + 2, 3*d = -5*g + 957. What is the greatest common factor of g and 6?
6
Let r be (3 - 5)*15/(-12)*6. What is the highest common factor of r and 30?
15
Suppose -30 - 20 = -5*l. Suppose 3*k = 32 + l. What is the greatest common divisor of 7 and k?
7
Let q = -14 - -23. Let c(x) = -x**3 - 10*x**2 + 12*x + 11. Let y be c(-11). Let w = 9 - y. What is the greatest common divisor of q and w?
9
Let o(y) = -y**3 - 6*y**2 + 3*y - 2. Let c be o(-7). Let z = -2 + 24. Suppose -5*r + z + 43 = 0. Calculate the greatest common divisor of r and c.
13
Suppose 0 = 2*h - 17 - 1. Let t be 1 + (-2 - -3) - 64. Let f = 134 + t. What is the greatest common divisor of h and f?
9
Suppose 7*z + 7 = 392. What is the highest common divisor of z and 5?
5
Suppose 3*d - 118 - 17 = 0. Calculate the greatest common factor of 90 and d.
45
Suppose s - 35 = -0*s - 2*k, 10 = 5*k. What is the greatest common divisor of 248 and s?
31
Suppose 2*x = -4 + 58. Suppose 3*d + d = 0. Suppose -3*g - 27 = -u - d*u, -u - 2*g = -12. What is the greatest common divisor of u and x?
9
Let q = -18 - -30. Suppose 4*y - 5*y = u - 4, u + 5*y = 8. What is the highest common divisor of q and u?
3
Suppose i - 2 = -i - 5*j, 3*i - 3 = -j. Let x = i + 13. Let f be (-2)/(-7) - (-136)/x. What is the highest common divisor of 20 and f?
10
Let m = -70 + 134. Let c(a) = 3*a**2 + 3*a + 2. Let k be c(-2). What is the highest common factor of k and m?
8
Let a(q) = -15*q + 3. Let p be a(-3). Let n = p + -15. Calculate the greatest common factor of 22 and n.
11
Let p = 6 + -5. Let u(i) = 2*i**3 - 2*i**2 + 1. Let t = -2 + 3. Let j be u(t). Calculate the highest common factor of j and p.
1
Let a be 16 + ((-12)/(-9))/((-1)/(-3)). What is the greatest common divisor of 140 and a?
20
Let l be (-498)/(-4) - (-12)/(-8). Let g = 218 - l. Calculate the highest common factor of 38 and g.
19
Let u(r) = 9*r - 48. L